{"id":294,"date":"2018-01-08T18:54:10","date_gmt":"2018-01-08T17:54:10","guid":{"rendered":"http:\/\/antares-defence.de\/?page_id=294"},"modified":"2024-01-27T19:53:30","modified_gmt":"2024-01-27T18:53:30","slug":"certification-program","status":"publish","type":"page","link":"https:\/\/antares-defence.de\/?page_id=294","title":{"rendered":"Hotel Certification Program"},"content":{"rendered":"\n<style type=\"text\/css\" data-created_by=\"avia_inline_auto\" id=\"style-css-av-2pofi-5646c7f99f2b7525f06c7fba376b4ce9\">\n.flex_column.av-2pofi-5646c7f99f2b7525f06c7fba376b4ce9{\nborder-radius:0px 0px 0px 0px;\npadding:0px 0px 0px 0px;\n}\n<\/style>\n<div  class='flex_column av-2pofi-5646c7f99f2b7525f06c7fba376b4ce9 av_one_third  avia-builder-el-0  el_before_av_two_third  avia-builder-el-first  first flex_column_div av-zero-column-padding  '     ><style type=\"text\/css\" data-created_by=\"avia_inline_auto\" id=\"style-css-av-lrbau-f573e7d9af8cbe51720e9373590cd37e\">\n.avia-image-container.av-lrbau-f573e7d9af8cbe51720e9373590cd37e img.avia_image{\nbox-shadow:none;\n}\n.avia-image-container.av-lrbau-f573e7d9af8cbe51720e9373590cd37e .av-image-caption-overlay-center{\ncolor:#ffffff;\n}\n<\/style>\n<div  class='avia-image-container av-lrbau-f573e7d9af8cbe51720e9373590cd37e av-styling- avia-align-center  avia-builder-el-1  avia-builder-el-no-sibling '  ><div class=\"avia-image-container-inner\"><div class=\"avia-image-overlay-wrap\"><img decoding=\"async\" fetchpriority=\"high\" class='wp-image-404 avia-img-lazy-loading-not-404 avia_image ' src=\"https:\/\/antares-defence.de\/wp-content\/uploads\/2023\/04\/cert2324.jpg\" alt='' title='cert2324'  height=\"2048\" width=\"1536\" srcset=\"https:\/\/antares-defence.de\/wp-content\/uploads\/2023\/04\/cert2324.jpg 1536w, https:\/\/antares-defence.de\/wp-content\/uploads\/2023\/04\/cert2324-225x300.jpg 225w, https:\/\/antares-defence.de\/wp-content\/uploads\/2023\/04\/cert2324-768x1024.jpg 768w, https:\/\/antares-defence.de\/wp-content\/uploads\/2023\/04\/cert2324-773x1030.jpg 773w, https:\/\/antares-defence.de\/wp-content\/uploads\/2023\/04\/cert2324-1125x1500.jpg 1125w, https:\/\/antares-defence.de\/wp-content\/uploads\/2023\/04\/cert2324-529x705.jpg 529w, https:\/\/antares-defence.de\/wp-content\/uploads\/2023\/04\/cert2324-450x600.jpg 450w\" sizes=\"(max-width: 1536px) 100vw, 1536px\" \/><\/div><\/div><\/div><\/div>\n\n<style type=\"text\/css\" data-created_by=\"avia_inline_auto\" id=\"style-css-av-fv3n2-dec0f294af37f96d59ab8699cbeeba80\">\n.flex_column.av-fv3n2-dec0f294af37f96d59ab8699cbeeba80{\nborder-radius:0px 0px 0px 0px;\npadding:0px 0px 0px 0px;\n}\n<\/style>\n<div  class='flex_column av-fv3n2-dec0f294af37f96d59ab8699cbeeba80 av_two_third  avia-builder-el-2  el_after_av_one_third  avia-builder-el-last  flex_column_div av-zero-column-padding  '     ><section  class='av_textblock_section av-3uce-a730bdd0d969c8d5a5967f5d28c54fc6 '  ><div class='avia_textblock' ><h5>Hotel \u201eSecurity Certification Program\u201c by <b>Antares Security Solutions<\/b><\/h5>\n<p>Bedingt durch die sich ver\u00e4ndernde und angespannte Sicherheitslage in Europa gewinnt die Schaffung und Einhaltung von empirisch messbaren Sicherheitsstrukturen gerade f\u00fcr das Hotelgewerbe enorm an Bedeutung. Die Erwartungshaltung an das Sicherheitsgef\u00fchl des Gastes w\u00e4chst in der Priorit\u00e4t bei der Buchungsauswahl. Der sensitive Umgang mit Sicherheit und das Bewusstsein aller Mitarbeiter im Hotel zeigen dem Gast den Stellenwert der Sicherheitsverantwortung.<\/p>\n<p>Bereits die Zutrittsm\u00f6glichkeit zum Gel\u00e4nde oder Geb\u00e4ude, zu Vorfahrten, Garagen, Lobbys, Restaurants, Lieferzonen und Personaleing\u00e4ngen, bis zu den einzelnen G\u00e4stezimmern, wird durch kriminelle Einzelt\u00e4ter oder Gruppierungen \u00fcber Wochen und Monate beobachtet, recherchiert und in die Planung von Straftaten oder Anschlagsszenarien einbezogen.<\/p>\n<p>Oft sind es die kleinen L\u00fccken des Alltags und der Routine oder einfach die Unerfahrenheit, welche T\u00e4tern die Ausf\u00fchrung krimineller Taten erm\u00f6glicht.<\/p>\n<p>Genau hier kann das gesamte Hotel mit seinem breiten Spektrum an Mitarbeitern durch umsichtiges Verhalten, situationsbedingtem Handeln, st\u00e4ndige Aufmerksamkeit und Anwendung von intelligenter Sicherheitstechnik den wichtigsten Schritt zur Gefahrenabwehr selbst beschreiten.<\/p>\n<p>Resultat:<\/p>\n<p>Voraussetzung daf\u00fcr ist eine Sensibilisierung und Schulung der Mitarbeiter, eine Schwachstellenanalyse und Auditierung der Einrichtung, und als zielorientiertes Ergebnis eine fundierte Zertifikation des Hotelbetriebes nach alltagstauglichen Sicherheitsstandards in den Bereichen baulicher, technischer, organisatorischer und personeller Sicherheitsma\u00dfnahmen.<\/p>\n<h6>Daraus ergeben sich signifikante Wettbewerbsvorteile f\u00fcr Ihr Hotel:<\/h6>\n<p>*\u00a0\u00a0 Festigung der Sicherheitsstruktur<\/p>\n<p>*\u00a0\u00a0 Erstellung objektiv messbarer Sicherheitskriterien<\/p>\n<p>*\u00a0\u00a0 Optimierung von Sicherheitsprozessen, Einf\u00fchrung von regelm\u00e4\u00dfigen Schulungen<\/p>\n<p>*\u00a0\u00a0 Fr\u00fcherkennung von Schwachstellen<\/p>\n<h6>Ziel der Besichtigung des Objektes und der Au\u00dfenanlagen:<\/h6>\n<p>*\u00a0\u00a0 Sicherheitsgespr\u00e4ch<\/p>\n<p>*\u00a0\u00a0 Kennenlernen des Objektes<\/p>\n<p>*\u00a0\u00a0 Kontrolle von Peripheriemerkmalen<\/p>\n<p>*\u00a0\u00a0 Erkennen von Schwachstellen<\/p>\n<p>*\u00a0\u00a0 Auditierung nach einem festgelegten Plan<\/p>\n<p>*\u00a0\u00a0 Erstellung einer Empfehlungsliste<\/p>\n<p>*\u00a0\u00a0 Dokumentation der Ma\u00dfnahmen<\/p>\n<h6>Ziel der Sicherheitsschulung \/ Mitarbeitersensibilisierung:<\/h6>\n<p>*\u00a0\u00a0 R\u00fcckblick<\/p>\n<p>*\u00a0\u00a0 Sicherheitsrisiken<\/p>\n<p>*\u00a0\u00a0 T\u00e4tergruppen<\/p>\n<p>*\u00a0\u00a0 Sensibilisierung der Mitarbeiter f\u00fcr Sicherheitsrisiken<\/p>\n<p>*\u00a0\u00a0 Verhaltensmuster<\/p>\n<p>*\u00a0\u00a0 Zugangsberechtigungen, Gep\u00e4cklenkung, Fundst\u00fccken<\/p>\n<p>*\u00a0\u00a0 Spreng- und Brandvorrichtungen<\/p>\n<p>*\u00a0\u00a0 Ma\u00dfnahmenadaption bei sicherheitsrelevanten Vorg\u00e4ngen<\/p>\n<\/div><\/section><\/div>\n","protected":false},"excerpt":{"rendered":"","protected":false},"author":1,"featured_media":0,"parent":0,"menu_order":0,"comment_status":"closed","ping_status":"closed","template":"","meta":{"footnotes":""},"class_list":["post-294","page","type-page","status-publish","hentry"],"_links":{"self":[{"href":"https:\/\/antares-defence.de\/index.php?rest_route=\/wp\/v2\/pages\/294","targetHints":{"allow":["GET"]}}],"collection":[{"href":"https:\/\/antares-defence.de\/index.php?rest_route=\/wp\/v2\/pages"}],"about":[{"href":"https:\/\/antares-defence.de\/index.php?rest_route=\/wp\/v2\/types\/page"}],"author":[{"embeddable":true,"href":"https:\/\/antares-defence.de\/index.php?rest_route=\/wp\/v2\/users\/1"}],"replies":[{"embeddable":true,"href":"https:\/\/antares-defence.de\/index.php?rest_route=%2Fwp%2Fv2%2Fcomments&post=294"}],"version-history":[{"count":17,"href":"https:\/\/antares-defence.de\/index.php?rest_route=\/wp\/v2\/pages\/294\/revisions"}],"predecessor-version":[{"id":420,"href":"https:\/\/antares-defence.de\/index.php?rest_route=\/wp\/v2\/pages\/294\/revisions\/420"}],"wp:attachment":[{"href":"https:\/\/antares-defence.de\/index.php?rest_route=%2Fwp%2Fv2%2Fmedia&parent=294"}],"curies":[{"name":"wp","href":"https:\/\/api.w.org\/{rel}","templated":true}]}}