{"id":127,"date":"2017-02-14T17:15:17","date_gmt":"2017-02-14T16:15:17","guid":{"rendered":"http:\/\/antares-defence.de\/?page_id=127"},"modified":"2024-01-27T19:49:33","modified_gmt":"2024-01-27T18:49:33","slug":"datenschutz","status":"publish","type":"page","link":"https:\/\/antares-defence.de\/?page_id=127","title":{"rendered":"Datenschutz"},"content":{"rendered":"<section  class='av_textblock_section av-smgjr-d08b000f2be3e07f7e5c37c3370f617d '  ><div class='avia_textblock' ><h3>Datenschutz \/ Haftung f\u00fcr Inhalte<\/h3>\n<\/div><\/section>\n<div  class='hr av-libvb-edb871d82e72cb3d11bcd7cce516158c hr-default  avia-builder-el-1  el_after_av_textblock  el_before_av_textblock '><span class='hr-inner '><span class=\"hr-inner-style\"><\/span><\/span><\/div>\n<section  class='av_textblock_section av-dul67-de3b0c53d0e6f38626c883821f56fc11 '  ><div class='avia_textblock' ><p><strong>Wann nutzt und verarbeitet die Antares Security Solutions personenbezogene Daten?<\/strong><br \/>\nDer Datenschutz bei der Antares Security Solutions nimmt einen hohen Stellenwert ein. Deshalb halten wir uns bei der Erhebung, Verarbeitung und Nutzung personenbezogener Daten streng an die gesetzlichen Bestimmungen des Bundesdatenschutzgesetzes und des Telemediengesetzes. Grunds\u00e4tzlich k\u00f6nnen Sie unsere Webseite besuchen, ohne personenbezogene Daten zu hinterlassen. In einigen F\u00e4llen ben\u00f6tigen wir jedoch solche Daten von Ihnen, und zwar bei:<\/p>\n<ul>\n<li>der Kontaktaufnahme \u00fcber das bereitgestellte Formular<\/li>\n<\/ul>\n<\/div><\/section>\n<section  class='av_textblock_section av-84fvj-78748b0bc2e688eca880e35746f0212d '  ><div class='avia_textblock' ><p><b>Haftung f\u00fcr Inhalte<br \/>\n<\/b>Die Inhalte unserer Seiten wurden mit gr\u00f6\u00dfter Sorgfalt erstellt. F\u00fcr die Richtigkeit, Vollst\u00e4ndigkeit und Aktualit\u00e4t der Inhalte k\u00f6nnen wir jedoch keine Gew\u00e4hr \u00fcbernehmen. Als Diensteanbieter sind wir gem\u00e4\u00df \u00a7 7 Abs.1 TMG f\u00fcr eigene Inhalte auf diesen Seiten nach den allgemeinen Gesetzen verantwortlich. Nach \u00a7\u00a7 8 bis 10 TMG sind wir als Diensteanbieter jedoch nicht verpflichtet, \u00fcbermittelte oder gespeicherte fremde Informationen zu \u00fcberwachen oder nach Umst\u00e4nden zu forschen, die auf eine rechtswidrige T\u00e4tigkeit hinweisen. Verpflichtungen zur Entfernung oder Sperrung der Nutzung von Informationen nach den allgemeinen Gesetzen bleiben hiervon unber\u00fchrt. Eine diesbez\u00fcgliche Haftung ist jedoch erst ab dem Zeitpunkt der Kenntnis einer konkreten Rechtsverletzung m\u00f6glich. Bei Bekanntwerden von entsprechenden Rechtsverletzungen werden wir diese Inhalte umgehend entfernen.<\/p>\n<p><b>Haftung f\u00fcr Links<br \/>\n<\/b>Unser Angebot enth\u00e4lt Links zu externen Webseiten Dritter, auf deren Inhalte wir keinen Einfluss haben. Deshalb k\u00f6nnen wir f\u00fcr diese fremden Inhalte auch keine Gew\u00e4hr \u00fcbernehmen. F\u00fcr die Inhalte der verlinkten Seiten ist stets der jeweilige Anbieter oder Betreiber der Seiten verantwortlich. Die verlinkten Seiten wurden zum Zeitpunkt der Verlinkung auf m\u00f6gliche Rechtsverst\u00f6\u00dfe \u00fcberpr\u00fcft. Rechtswidrige Inhalte waren zum Zeitpunkt der Verlinkung nicht erkennbar. Eine permanente inhaltliche Kontrolle der verlinkten Seiten ist jedoch ohne konkrete Anhaltspunkte einer Rechtsverletzung nicht zumutbar. Bei Bekanntwerden von Rechtsverletzungen werden wir derartige Links umgehend entfernen.<\/p>\n<p><b>Urheberrecht<br \/>\n<\/b>Die durch die Seitenbetreiber erstellten Inhalte und Werke auf diesen Seiten unterliegen dem deutschen Urheberrecht. Die Vervielf\u00e4ltigung, Bearbeitung, Verbreitung und jede Art der Verwertung au\u00dferhalb der Grenzen des Urheberrechtes bed\u00fcrfen der schriftlichen Zustimmung des jeweiligen Autors bzw. Erstellers. Downloads und Kopien dieser Seite sind nur f\u00fcr den privaten, nicht kommerziellen Gebrauch gestattet. Soweit die Inhalte auf dieser Seite nicht vom Betreiber erstellt wurden, werden die Urheberrechte Dritter beachtet. Insbesondere werden Inhalte Dritter als solche gekennzeichnet. Sollten Sie trotzdem auf eine Urheberrechtsverletzung aufmerksam werden, bitten wir um einen entsprechenden Hinweis. Bei Bekanntwerden von Rechtsverletzungen werden wir derartige Inhalte umgehend entfernen.<\/p>\n<p><strong>Hinweis zur Verwendung von Cookies<\/strong><br \/>\nCookies sind kleine Textdateien, die lokal auf Ihrem Rechner abgelegt werden. Um die Nutzung unseres Web-Auftritts f\u00fcr Sie komfortabler zu gestalten, verwenden wir lediglich ein sogenanntes Session-Cookie. Dieses weist einem Nutzer eine bestimmte nur f\u00fcr die jeweilige Sitzung g\u00fcltige Nummer zu. Es dient der Zuordnung verschiedener Eingaben eines Nutzers zu einer Session und der Beschleunigung des Seitenaufbaus. Wenn Sie Ihren Internet-Browser schlie\u00dfen, wird das Cookie automatisch gel\u00f6scht. Ein gesetztes Cookie kann auch \u00fcber ihren Internet-Browser oder direkt \u00fcber ihre Festplatte gel\u00f6scht werden. Sie k\u00f6nnen unseren Web-Auftritt auch nutzen ohne Cookies zuzulassen oder wenn Sie \u00fcber die Zulassung von Cookies im Einzelfall entscheiden wollen. Hierf\u00fcr k\u00f6nnen Sie Cookies in Ihrem Internet-Browser insgesamt blockieren oder von einer Einzelfreigabe abh\u00e4ngig machen. N\u00e4here Informationen finden Sie im Hilfe-Men\u00fc Ihres Internet-Browsers. Wenn Sie den Besuch unserer Website ohne \u00c4nderung Ihrer Browsereinstellungen fortsetzen, gehen wir davon aus, dass Sie mit der Verwendung der Cookies einverstanden sind.<\/p>\n<\/div><\/section>\n","protected":false},"excerpt":{"rendered":"","protected":false},"author":1,"featured_media":0,"parent":0,"menu_order":0,"comment_status":"closed","ping_status":"closed","template":"","meta":{"footnotes":""},"class_list":["post-127","page","type-page","status-publish","hentry"],"_links":{"self":[{"href":"https:\/\/antares-defence.de\/index.php?rest_route=\/wp\/v2\/pages\/127","targetHints":{"allow":["GET"]}}],"collection":[{"href":"https:\/\/antares-defence.de\/index.php?rest_route=\/wp\/v2\/pages"}],"about":[{"href":"https:\/\/antares-defence.de\/index.php?rest_route=\/wp\/v2\/types\/page"}],"author":[{"embeddable":true,"href":"https:\/\/antares-defence.de\/index.php?rest_route=\/wp\/v2\/users\/1"}],"replies":[{"embeddable":true,"href":"https:\/\/antares-defence.de\/index.php?rest_route=%2Fwp%2Fv2%2Fcomments&post=127"}],"version-history":[{"count":6,"href":"https:\/\/antares-defence.de\/index.php?rest_route=\/wp\/v2\/pages\/127\/revisions"}],"predecessor-version":[{"id":414,"href":"https:\/\/antares-defence.de\/index.php?rest_route=\/wp\/v2\/pages\/127\/revisions\/414"}],"wp:attachment":[{"href":"https:\/\/antares-defence.de\/index.php?rest_route=%2Fwp%2Fv2%2Fmedia&parent=127"}],"curies":[{"name":"wp","href":"https:\/\/api.w.org\/{rel}","templated":true}]}}